{"id":12,"date":"2018-11-28T18:43:44","date_gmt":"2018-11-28T17:43:44","guid":{"rendered":"http:\/\/www.atlas-belgique.be\/?page_id=12"},"modified":"2021-08-19T16:36:50","modified_gmt":"2021-08-19T14:36:50","slug":"didacticiels","status":"publish","type":"page","link":"https:\/\/www.atlas-belgique.be\/index.php\/fr\/ressources\/didacticiels\/","title":{"rendered":"Didacticiels"},"content":{"rendered":"\n<div class=\"wp-block-group\"><div class=\"wp-block-group__inner-container is-layout-flow wp-block-group-is-layout-flow\">\n<h4 class=\"wp-block-heading\">Survol<\/h4>\n\n\n\n<p>La nouvelle application GeoclipAir permet la r\u00e9alisation de nombreuses actions. Pour une prise en main de GeoclipAir, un <a href=\"https:\/\/www.atlas-belgique.be\/geoclipair\/web\/?lang=fr#c=help\">survol rapide de l&rsquo;application<\/a> est disponible.<\/p>\n\n\n\n<ul class=\"wp-block-list\"><li>La description de l&rsquo;<a href=\"https:\/\/www.youtube.com\/watch?v=bEiMwh2FIxU&amp;feature=youtu.be\">espace des Indicateurs<\/a> est disponible ici.<\/li><li>La description de l&rsquo;<a href=\"https:\/\/www.youtube.com\/watch?v=RPKZIfxmsaI&amp;feature=youtu.be\">espace des Zonages<\/a> est disponible ici.<\/li><li>La description de l&rsquo;<a href=\"https:\/\/www.youtube.com\/watch?v=fVpqOpHdC4M&amp;feature=youtu.be\">espace des Donn\u00e9es externes<\/a> est disponible ici.<\/li><\/ul>\n<\/div><\/div>\n\n\n\n<h4 class=\"wp-block-heading\">Didacticiel sur l&rsquo;Atlas de Belgique propos\u00e9 par GeoclipAir<\/h4>\n\n\n\n<p>La vid\u00e9o d\u00e9crit l&rsquo;application GeoclipAir, au niveau de la navigation et de l&rsquo;exploitation des cartes th\u00e9matiques de l&rsquo;Atlas de Belgique.<\/p>\n\n\n\n<ul class=\"wp-block-list\"><li>Lien vers <a href=\"https:\/\/youtu.be\/MyibZyI72FQ\" target=\"_blank\" rel=\"noreferrer noopener\">la vid\u00e9o<\/a><\/li><\/ul>\n\n\n\n<h4 class=\"wp-block-heading\">8\u00e8mes Journ\u00e9es Belges des G\u00e9ographes &#8211; Samedi 19 octobre 2019 &#8211; Didactique<\/h4>\n\n\n\n<div class=\"wp-block-group\"><div class=\"wp-block-group__inner-container is-layout-flow wp-block-group-is-layout-flow\">\n<p>La nouvelle version du portail de l&rsquo;Atlas National<\/p>\n\n\n\n<ul class=\"wp-block-list\"><li>Lien vers la <a href=\"https:\/\/www.atlas-belgique.be\/dossiers\/20191019_Anabel-BGdays-FR_4-3.pdf\">pr\u00e9sentation PDF<\/a><\/li><li>Lien vers le <a href=\"https:\/\/www.atlas-belgique.be\/dossiers\/20191019_Anabel-BGdays-Tab-B2.xlsx\">tableur Excel<\/a><\/li><\/ul>\n\n\n\n<p><\/p>\n<\/div><\/div>\n","protected":false},"excerpt":{"rendered":"<p>Survol La nouvelle application GeoclipAir permet la r\u00e9alisation de nombreuses actions. Pour une prise en main de GeoclipAir, un survol rapide de l&rsquo;application est disponible. La description de l&rsquo;espace des Indicateurs est disponible ici. La description de l&rsquo;espace des Zonages est disponible ici. La description de l&rsquo;espace des Donn\u00e9es externes est disponible ici. Didacticiel sur<\/p>\n","protected":false},"author":1,"featured_media":0,"parent":10,"menu_order":0,"comment_status":"closed","ping_status":"closed","template":"","meta":{"footnotes":""},"class_list":["post-12","page","type-page","status-publish","hentry"],"_links":{"self":[{"href":"https:\/\/www.atlas-belgique.be\/index.php\/wp-json\/wp\/v2\/pages\/12","targetHints":{"allow":["GET"]}}],"collection":[{"href":"https:\/\/www.atlas-belgique.be\/index.php\/wp-json\/wp\/v2\/pages"}],"about":[{"href":"https:\/\/www.atlas-belgique.be\/index.php\/wp-json\/wp\/v2\/types\/page"}],"author":[{"embeddable":true,"href":"https:\/\/www.atlas-belgique.be\/index.php\/wp-json\/wp\/v2\/users\/1"}],"replies":[{"embeddable":true,"href":"https:\/\/www.atlas-belgique.be\/index.php\/wp-json\/wp\/v2\/comments?post=12"}],"version-history":[{"count":3,"href":"https:\/\/www.atlas-belgique.be\/index.php\/wp-json\/wp\/v2\/pages\/12\/revisions"}],"predecessor-version":[{"id":23579,"href":"https:\/\/www.atlas-belgique.be\/index.php\/wp-json\/wp\/v2\/pages\/12\/revisions\/23579"}],"up":[{"embeddable":true,"href":"https:\/\/www.atlas-belgique.be\/index.php\/wp-json\/wp\/v2\/pages\/10"}],"wp:attachment":[{"href":"https:\/\/www.atlas-belgique.be\/index.php\/wp-json\/wp\/v2\/media?parent=12"}],"curies":[{"name":"wp","href":"https:\/\/api.w.org\/{rel}","templated":true}]}}