{"id":350,"date":"2019-02-09T17:09:00","date_gmt":"2019-02-09T16:09:00","guid":{"rendered":"http:\/\/www.atlas-belgique.be\/?page_id=350"},"modified":"2019-05-03T11:18:24","modified_gmt":"2019-05-03T09:18:24","slug":"2e-atlas-de-belgique","status":"publish","type":"page","link":"https:\/\/www.atlas-belgique.be\/index.php\/fr\/atlas-papier\/2e-atlas-de-belgique\/","title":{"rendered":"Deuxi\u00e8me Atlas de Belgique"},"content":{"rendered":"\n<h2 class=\"wp-block-heading\">\u00c9dition papier 1976 &#8211; 1999<\/h2>\n\n\n\n<p>Vous trouverez ici les versions PDF des planches et des commentaires. Les planches marqu\u00e9es d&rsquo;un <strong>#<\/strong> sont \u00e9galement int\u00e9gr\u00e9es dans le WMTS &lsquo;Deuxi\u00e8me Atlas de Belgique&rsquo; et certaines peuvent \u00eatre visualis\u00e9es dans l&rsquo;application GeoclipAir.<\/p>\n\n\n\n<table class=\"atlas_pap_tdm\">\n<tbody>\n     <tr>\n      <td class=\"atlas_pap_tdm\"><h2><a href=\"\/atlas_papier\/atlas2e\/Atlas2-1976-1999.pdf\">Table des mati\u00e8res<\/a><\/h2>\n      <\/td>\n     <\/tr>\n<\/tbody>\n<\/table>\n\n\n\n<table class=\"atlas_pap_2e_table\">\n<thead> <!-- En-t\u00eate du tableau -->\n       <tr>\n           <th class=\"atlas_pap_2e_table_head_c1\">Titres<\/th>\n           <th class=\"atlas_pap_2e_table_head_c2c3\">Planches<\/th>\n           <th class=\"atlas_pap_2e_table_head_c2c3\">Notices<\/th>\n       <\/tr>\n   <\/thead>\n<\/table>\n\n\n\n<h3 class=\"wp-block-heading\">\u00c9chantillons de cartes<\/h3>\n\n\n\n<table class=\"atlas_pap_2e_table\">\n   <tbody> <!-- Corps du tableau -->\n       <tr>\n           <td class=\"atlas_pap_2e_table_bodyc1\"><a class=\"table_link\" href=\"\/atlas_papier\/atlas2e\/Atlas2-01-03-01.PDF\">\u00c9chantillons de cartes avant 1878<\/a><\/td>\n           <td class=\"atlas_pap_2e_table_bodyc2c3\"><a class=\"table_link\" href=\"\/atlas_papier\/atlas2e\/Atlas2-01-03-01.PDF\">I.3.1<\/a><\/td>\n           <td class=\"atlas_pap_2e_table_bodyc2c3\"><a class=\"table_link\" href=\"\/atlas_papier\/atlas2e\/Atlas2-FR-01-03-01.PDF\">Notice en fran\u00e7ais<\/a><\/td>\n       <\/tr>\n       <tr>\n           <td class=\"atlas_pap_2e_table_bodyc1\"><a class=\"table_link\" href=\"\/atlas_papier\/atlas2e\/Atlas2-01-03-02.PDF\">\u00c9chantillons de cartes de 1878 \u00e0 1947<\/a><\/td>\n           <td class=\"atlas_pap_2e_table_bodyc2c3\"><a class=\"table_link\" href=\"\/atlas_papier\/atlas2e\/Atlas2-01-03-02.PDF\">I.3.2<\/a><\/td>\n           <td class=\"atlas_pap_2e_table_bodyc2c3\"><a class=\"table_link\" href=\"\/atlas_papier\/atlas2e\/Atlas2-FR-01-03-02.PDF\">Notice en fran\u00e7ais<\/a><\/td>\n       <\/tr>  \n<tr>\n           <td class=\"atlas_pap_2e_table_bodyc1\"><a class=\"table_link\" href=\"\/atlas_papier\/atlas2e\/Atlas2-01-03-03.PDF\">\u00c9chantillons de cartes apr\u00e8s 1947<\/a><\/td>\n           <td class=\"atlas_pap_2e_table_bodyc2c3\"><a class=\"table_link\" href=\"\/atlas_papier\/atlas2e\/Atlas2-01-03-03.PDF\">I.3.3<\/a><\/td>\n           <td class=\"atlas_pap_2e_table_bodyc2c3\"><a class=\"table_link\" href=\"\/atlas_papier\/atlas2e\/Atlas2-FR-01-03-03.PDF\">Notice en fran\u00e7ais<\/a><\/td>\n       <\/tr>  \n   <\/tbody>\n<\/table>\n\n\n\n<h3 class=\"wp-block-heading\">Relief, sol et sous-sol<\/h3>\n\n\n\n<table class=\"atlas_pap_2e_table\">\n   <tbody> <!-- Corps du tableau -->\n       <tr>\n           <td class=\"atlas_pap_2e_table_bodyc1\"><a class=\"table_link\" href=\"\/atlas_papier\/atlas2e\/Atlas2-01-01bis.PDF\">Carte du relief<\/a><\/td>\n           <td class=\"atlas_pap_2e_table_bodyc2c3\"><a class=\"table_link\" href=\"\/atlas_papier\/atlas2e\/Atlas2-01-01bis.PDF\">I.1 bis<\/a><\/td>\n           <td class=\"atlas_pap_2e_table_bodyc2c3\"><a class=\"table_link\" href=\"\/atlas_papier\/atlas2e\/Atlas2-FR-01-01bis.PDF\">Notice en fran\u00e7ais<\/a><\/td>\n       <\/tr>\n       <tr>\n           <td class=\"atlas_pap_2e_table_bodyc1\"><a class=\"table_link\" href=\"\/atlas_papier\/atlas2e\/Atlas2-02-01.PDF\">Oro-hydrographie<\/a><\/td>\n           <td class=\"atlas_pap_2e_table_bodyc2c3\"><a class=\"table_link\" href=\"\/atlas_papier\/atlas2e\/Atlas2-02-01.PDF\">II.1#<\/a><\/td>\n           <td class=\"atlas_pap_2e_table_bodyc2c3\"><a class=\"table_link\" href=\"\/atlas_papier\/atlas2e\/Atlas2-FR-02-01.PDF\">Notice en fran\u00e7ais<\/a><\/td>\n       <\/tr>\n       <tr>\n           <td class=\"atlas_pap_2e_table_bodyc1\"><a class=\"table_link\" href=\"\/atlas_papier\/atlas2e\/Atlas2-02-03-01.PDF\">G\u00e9ologie du quaternaire, lithologie des terrains superficiels<\/a><\/td>\n           <td class=\"atlas_pap_2e_table_bodyc2c3\">\n<a class=\"table_link\" href=\"\/atlas_papier\/atlas2e\/Atlas2-02-03-01.PDF\">II.3.1 # <\/a><\/p> \n<a class=\"table_link\" href=\"\/atlas_papier\/atlas2e\/Atlas2-02-03-02.PDF\">II.3.2 # <\/a><\/p>\n<a class=\"table_link\" href=\"\/atlas_papier\/atlas2e\/Atlas2-02-03-03.PDF\">II.3.3 # <\/a><\/p>\n<a class=\"table_link\" href=\"\/atlas_papier\/atlas2e\/Atlas2-02-03-04.PDF\">II.3.4 # <\/a><\/p>\n<\/td>\n           <td class=\"atlas_pap_2e_table_bodyc2c3\"><a class=\"table_link\" href=\"\/atlas_papier\/atlas2e\/Atlas2-FR-02-03-01.PDF\">Notice en fran\u00e7ais<\/a><\/td>\n       <\/tr>  \n   <\/tbody>\n<\/table>\n\n\n\n<h3 class=\"wp-block-heading\">Climatologie<\/h3>\n\n\n\n<table class=\"atlas_pap_2e_table\">\n   <tbody> <!-- Corps du tableau -->\n       <tr>\n           <td class=\"atlas_pap_2e_table_bodyc1\"><a class=\"table_link\" href=\"\/atlas_papier\/atlas2e\/Atlas2-03-01.PDF\">Climat<\/a><\/td>\n           <td class=\"atlas_pap_2e_table_bodyc2c3\"><a class=\"table_link\" href=\"\/atlas_papier\/atlas2e\/Atlas2-03-01.PDF\">III.1 #<\/a><\/td>\n           <td class=\"atlas_pap_2e_table_bodyc2c3\"><a class=\"table_link\" href=\"\/atlas_papier\/atlas2e\/Atlas2-FR-03-01.PDF\">Notice en fran\u00e7ais<\/a><\/td>\n       <\/tr>\n   <\/tbody>\n<\/table>\n\n\n\n<h3 class=\"wp-block-heading\">Hydrographie<\/h3>\n\n\n\n<table class=\"atlas_pap_2e_table\">\n   <tbody> <!-- Corps du tableau -->\n       <tr>\n           <td class=\"atlas_pap_2e_table_bodyc1\"><a class=\"table_link\" href=\"\/atlas_papier\/atlas2e\/Atlas2-04-04.PDF\">Littoral et mer du nord<\/a><\/td>\n           <td class=\"atlas_pap_2e_table_bodyc2c3\"><a class=\"table_link\" href=\"\/atlas_papier\/atlas2e\/Atlas2-04-04.PDF\">IV.4<\/a><\/td>\n           <td class=\"atlas_pap_2e_table_bodyc2c3\"><a class=\"table_link\" href=\"\/atlas_papier\/atlas2e\/Atlas2-FR-04-04.PDF\">Notice en fran\u00e7ais<\/a><\/td>\n       <\/tr>\n       <tr>\n           <td class=\"atlas_pap_2e_table_bodyc1\"><a class=\"table_link\" href=\"\/atlas_papier\/atlas2e\/Atlas2-04-05.PDF\">Escaut maritime<\/a><\/td>\n           <td class=\"atlas_pap_2e_table_bodyc2c3\"><a class=\"table_link\" href=\"\/atlas_papier\/atlas2e\/Atlas2-04-05.PDF\">IV.5<\/a><\/td>\n           <td class=\"atlas_pap_2e_table_bodyc2c3\"><a class=\"table_link\" href=\"\/atlas_papier\/atlas2e\/Atlas2-FR-04-05.PDF\">Notice en fran\u00e7ais<\/a><\/td>\n       <\/tr>\n\n   <\/tbody>\n<\/table>\n\n\n\n<h3 class=\"wp-block-heading\">D\u00e9mographie et population<\/h3>\n\n\n\n<table class=\"atlas_pap_2e_table\">\n   <tbody> <!-- Corps du tableau -->\n       <tr>\n           <td class=\"atlas_pap_2e_table_bodyc1\"><a class=\"table_link\" href=\"\/atlas_papier\/atlas2e\/Atlas2-06-01.PDF\">Densit\u00e9 de la population par commune<\/a><\/td>\n           <td class=\"atlas_pap_2e_table_bodyc2c3\"><a class=\"table_link\" href=\"\/atlas_papier\/atlas2e\/Atlas2-06-01.PDF\">VI.1<\/a><\/td>\n           <td class=\"atlas_pap_2e_table_bodyc2c3\"><a class=\"table_link\" href=\"\/atlas_papier\/atlas2e\/Atlas2-FR-06-01.PDF\">Notice en fran\u00e7ais<\/a><\/td>\n       <\/tr>\n       <tr>\n           <td class=\"atlas_pap_2e_table_bodyc1\"><a class=\"table_link\" href=\"\/atlas_papier\/atlas2e\/Atlas2-06-02.PDF\">Densit\u00e9 de la population par secteur statistique<\/a><\/td>\n           <td class=\"atlas_pap_2e_table_bodyc2c3\"><a class=\"table_link\" href=\"\/atlas_papier\/atlas2e\/Atlas2-06-02.PDF\">VI.2<\/a><\/td>\n           <td class=\"atlas_pap_2e_table_bodyc2c3\"><a class=\"table_link\" href=\"\/atlas_papier\/atlas2e\/Atlas2-FR-06-02.PDF\">Notice en fran\u00e7ais<\/a><\/td>\n       <\/tr>\n       <tr>\n           <td class=\"atlas_pap_2e_table_bodyc1\"><a class=\"table_link\" href=\"\/atlas_papier\/atlas2e\/Atlas2-06-03.PDF\">\u00c9volution de la population<\/a><\/td>\n           <td class=\"atlas_pap_2e_table_bodyc2c3\"><a class=\"table_link\" href=\"\/atlas_papier\/atlas2e\/Atlas2-06-03.PDF\">VI.3<\/a><\/td>\n           <td class=\"atlas_pap_2e_table_bodyc2c3\"><a class=\"table_link\" href=\"\/atlas_papier\/atlas2e\/Atlas2-FR-06-03.PDF\">Notice en fran\u00e7ais<\/a><\/td>\n       <\/tr>\n       <tr>\n           <td class=\"atlas_pap_2e_table_bodyc1\"><a class=\"table_link\" href=\"\/atlas_papier\/atlas2e\/Atlas2-06-06.PDF\">Mouvement naturel de la population<\/a><\/td>\n           <td class=\"atlas_pap_2e_table_bodyc2c3\"><a class=\"table_link\" href=\"\/atlas_papier\/atlas2e\/Atlas2-06-06.PDF\">VI.6<\/a><\/td>\n           <td class=\"atlas_pap_2e_table_bodyc2c3\"><a class=\"table_link\" href=\"\/atlas_papier\/atlas2e\/Atlas2-FR-06-06.PDF\">Notice en fran\u00e7ais<\/a><\/td>\n       <\/tr>\n       <tr>\n           <td class=\"atlas_pap_2e_table_bodyc1\"><a class=\"table_link\" href=\"\/atlas_papier\/atlas2e\/Atlas2-06-07.PDF\">\u00c9trangers<\/a><\/td>\n           <td class=\"atlas_pap_2e_table_bodyc2c3\"><a class=\"table_link\" href=\"\/atlas_papier\/atlas2e\/Atlas2-06-07.PDF\">VI.7<\/a><\/td>\n           <td class=\"atlas_pap_2e_table_bodyc2c3\"><a class=\"table_link\" href=\"\/atlas_papier\/atlas2e\/Atlas2-FR-06-07.PDF\">Notice en fran\u00e7ais<\/a><\/td>\n       <\/tr>\n       <tr>\n           <td class=\"atlas_pap_2e_table_bodyc1\"><a class=\"table_link\" href=\"\/atlas_papier\/atlas2e\/Atlas2-06-09.PDF\">Migrations r\u00e9sidentielles 1982-1989<\/a><\/td>\n           <td class=\"atlas_pap_2e_table_bodyc2c3\"><a class=\"table_link\" href=\"\/atlas_papier\/atlas2e\/Atlas2-06-09.PDF\">VI.9<\/a><\/td>\n           <td class=\"atlas_pap_2e_table_bodyc2c3\"><a class=\"table_link\" href=\"\/atlas_papier\/atlas2e\/Atlas2-FR-06-09.PDF\">Notice en fran\u00e7ais<\/a><\/td>\n       <\/tr>\n   <\/tbody>\n<\/table>\n\n\n\n<h3 class=\"wp-block-heading\">\u00c9conomie<\/h3>\n\n\n\n<table class=\"atlas_pap_2e_table\">\n   <tbody> <!-- Corps du tableau -->\n       <tr>\n           <td class=\"atlas_pap_2e_table_bodyc1\"><a class=\"table_link\" href=\"\/atlas_papier\/atlas2e\/Atlas2-08-02.PDF\">Population active par commune de travail<\/a><\/td>\n           <td class=\"atlas_pap_2e_table_bodyc2c3\"><a class=\"table_link\" href=\"\/atlas_papier\/atlas2e\/Atlas2-08-02.PDF\">VIII.2<\/a><\/td>\n           <td class=\"atlas_pap_2e_table_bodyc2c3\"><a class=\"table_link\" href=\"\/atlas_papier\/atlas2e\/Atlas2-FR-08-02.PDF\">Notice en fran\u00e7ais<\/a><\/td>\n       <\/tr>\n       <tr>\n           <td class=\"atlas_pap_2e_table_bodyc1\"><a class=\"table_link\" href=\"\/atlas_papier\/atlas2e\/Atlas2-08-03-01.PDF\">Aspects socio-economiques : ch\u00f4mage<\/a><\/td>\n           <td class=\"atlas_pap_2e_table_bodyc2c3\"><a class=\"table_link\" href=\"\/atlas_papier\/atlas2e\/Atlas2-08-03-01.PDF\">VIII.3.1<\/a><\/td>\n           <td class=\"atlas_pap_2e_table_bodyc2c3\"><a class=\"table_link\" href=\"\/atlas_papier\/atlas2e\/Atlas2-FR-08-03-01.PDF\">Notice en fran\u00e7ais<\/a><\/td>\n       <\/tr>\n       <tr>\n           <td class=\"atlas_pap_2e_table_bodyc1\"><a class=\"table_link\" href=\"\/atlas_papier\/atlas2e\/Atlas2-08-03-02.PDF\">Aspects socio-economiques :  revenus et valeurs ajout\u00e9es<\/a><\/td>\n           <td class=\"atlas_pap_2e_table_bodyc2c3\"><a class=\"table_link\" href=\"\/atlas_papier\/atlas2e\/Atlas2-08-03-02.PDF\">VIII.3.2<\/a><\/td>\n           <td class=\"atlas_pap_2e_table_bodyc2c3\"><a class=\"table_link\" href=\"\/atlas_papier\/atlas2e\/Atlas2-FR-08-03-02.PDF\">Notice en fran\u00e7ais<\/a><\/td>\n       <\/tr>\n       <tr>\n           <td class=\"atlas_pap_2e_table_bodyc1\"><a class=\"table_link\" href=\"\/atlas_papier\/atlas2e\/Atlas2-08-03-03.PDF\">Criminalit\u00e9<\/a><\/td>\n           <td class=\"atlas_pap_2e_table_bodyc2c3\"><a class=\"table_link\" href=\"\/atlas_papier\/atlas2e\/Atlas2-08-03-03.PDF\">VIII.3.3<\/a><\/td>\n           <td class=\"atlas_pap_2e_table_bodyc2c3\"><a class=\"table_link\" href=\"\/atlas_papier\/atlas2e\/Atlas2-FR-08-03-03.PDF\">Notice en fran\u00e7ais<\/a><\/td>\n       <\/tr>\n       <tr>\n           <td class=\"atlas_pap_2e_table_bodyc1\"><a class=\"table_link\" href=\"\/atlas_papier\/atlas2e\/Atlas2-08-04.PDF\">Agriculture : exploitations, main-d\u2019\u0153uvre<\/a><\/td>\n           <td class=\"atlas_pap_2e_table_bodyc2c3\"><a class=\"table_link\" href=\"\/atlas_papier\/atlas2e\/Atlas2-08-04.PDF\">VIII.4<\/a><\/td>\n           <td class=\"atlas_pap_2e_table_bodyc2c3\"><a class=\"table_link\" href=\"\/atlas_papier\/atlas2e\/Atlas2-FR-08-04.PDF\">Notice en fran\u00e7ais<\/a><\/td>\n       <\/tr>\n       <tr>\n           <td class=\"atlas_pap_2e_table_bodyc1\"><a class=\"table_link\" href=\"\/atlas_papier\/atlas2e\/Atlas2-08-06.PDF\">Industries agro-alimentaires<\/a><\/td>\n           <td class=\"atlas_pap_2e_table_bodyc2c3\"><a class=\"table_link\" href=\"\/atlas_papier\/atlas2e\/Atlas2-08-06.PDF\">VIII.6<\/a><\/td>\n           <td class=\"atlas_pap_2e_table_bodyc2c3\"><a class=\"table_link\" href=\"\/atlas_papier\/atlas2e\/Atlas2-FR-08-06.PDF\">Notice en fran\u00e7ais<\/a><\/td>\n       <\/tr>\n       <tr>\n           <td class=\"atlas_pap_2e_table_bodyc1\"><a class=\"table_link\" href=\"\/atlas_papier\/atlas2e\/Atlas2-08-08.PDF\">Agriculture &#8211; Culture et cheptel r\u00e9partition et \u00e9volution<\/a><\/td>\n           <td class=\"atlas_pap_2e_table_bodyc2c3\"><a class=\"table_link\" href=\"\/atlas_papier\/atlas2e\/Atlas2-08-08.PDF\">VIII.8<\/a><\/td>\n           <td class=\"atlas_pap_2e_table_bodyc2c3\"><a class=\"table_link\" href=\"\/atlas_papier\/atlas2e\/Atlas2-FR-08-08.PDF\">Notice en fran\u00e7ais<\/a><\/td>\n       <\/tr>\n       <tr>\n           <td class=\"atlas_pap_2e_table_bodyc1\"><a class=\"table_link\" href=\"\/atlas_papier\/atlas2e\/Atlas2-08-10.PDF\">Aptitude des sols<\/a><\/td>\n           <td class=\"atlas_pap_2e_table_bodyc2c3\"><a class=\"table_link\" href=\"\/atlas_papier\/atlas2e\/Atlas2-08-10.PDF\">VIII.10 #<\/a><\/td>\n           <td class=\"atlas_pap_2e_table_bodyc2c3\"><a class=\"table_link\" href=\"\/atlas_papier\/atlas2e\/Atlas2-FR-08-10\">Notice en fran\u00e7ais<\/a><\/td>\n       <\/tr>\n       <tr>\n           <td class=\"atlas_pap_2e_table_bodyc1\"><a class=\"table_link\" href=\"\/atlas_papier\/atlas2e\/Atlas2-08-11.PDF\">Valeur de la production agricole<\/a><\/td>\n           <td class=\"atlas_pap_2e_table_bodyc2c3\"><a class=\"table_link\" href=\"\/atlas_papier\/atlas2e\/Atlas2-08-11.PDF\">VIII.11<\/a><\/td>\n           <td class=\"atlas_pap_2e_table_bodyc2c3\"><a class=\"table_link\" href=\"\/atlas_papier\/atlas2e\/Atlas2-FR-08-11.PDF\">Notice en fran\u00e7ais<\/a><\/td>\n       <\/tr>\n       <tr>\n           <td class=\"atlas_pap_2e_table_bodyc1\"><a class=\"table_link\" href=\"\/atlas_papier\/atlas2e\/Atlas2-08-16.PDF\">Zones et parcs industriels<\/a><\/td>\n           <td class=\"atlas_pap_2e_table_bodyc2c3\"><a class=\"table_link\" href=\"\/atlas_papier\/atlas2e\/Atlas2-08-16.PDF\">VIII.16<\/a><\/td>\n           <td class=\"atlas_pap_2e_table_bodyc2c3\"><a class=\"table_link\" href=\"\/atlas_papier\/atlas2e\/Atlas2-FR-08-16.PDF\">Notice en fran\u00e7ais<\/a><\/td>\n       <\/tr>\n       <tr>\n           <td class=\"atlas_pap_2e_table_bodyc1\"><a class=\"table_link\" href=\"\/atlas_papier\/atlas2e\/Atlas2-08-17.PDF\">Population active dans le secteur tertiaire<\/a><\/td>\n           <td class=\"atlas_pap_2e_table_bodyc2c3\"><a class=\"table_link\" href=\"\/atlas_papier\/atlas2e\/Atlas2-08-17.PDF\">VIII.17<\/a><\/td>\n           <td class=\"atlas_pap_2e_table_bodyc2c3\"><a class=\"table_link\" href=\"\/atlas_papier\/atlas2e\/Atlas2-FR-08-17.PDF\">Notice en fran\u00e7ais<\/a><\/td>\n       <\/tr>\n       <tr>\n           <td class=\"atlas_pap_2e_table_bodyc1\"><a class=\"table_link\" href=\"\/atlas_papier\/atlas2e\/Atlas2-08-18.PDF\">Centres de commerce de d\u00e9tail<\/a><\/td>\n           <td class=\"atlas_pap_2e_table_bodyc2c3\"><a class=\"table_link\" href=\"\/atlas_papier\/atlas2e\/Atlas2-08-18.PDF\">VIII.18<\/a><\/td>\n           <td class=\"atlas_pap_2e_table_bodyc2c3\"><a class=\"table_link\" href=\"\/atlas_papier\/atlas2e\/Atlas2-FR-08-18.PDF\">Notice en fran\u00e7ais<\/a><\/td>\n       <\/tr>\n       <tr>\n           <td class=\"atlas_pap_2e_table_bodyc1\"><a class=\"table_link\" href=\"\/atlas_papier\/atlas2e\/Atlas2-08-20.PDF\">Tourisme<\/a><\/td>\n           <td class=\"atlas_pap_2e_table_bodyc2c3\"><a class=\"table_link\" href=\"\/atlas_papier\/atlas2e\/Atlas2-08-20.PDF\">VIII.20<\/a><\/td>\n           <td class=\"atlas_pap_2e_table_bodyc2c3\"><a class=\"table_link\" href=\"\/atlas_papier\/atlas2e\/Atlas2-FR-08-20.PDF\">Notice en fran\u00e7ais<\/a><\/td>\n       <\/tr>\n   <\/tbody>\n<\/table>\n\n\n\n<h3 class=\"wp-block-heading\">G\u00e9ographie r\u00e9gionale<\/h3>\n\n\n\n<table class=\"atlas_pap_2e_table\">\n   <tbody> <!-- Corps du tableau -->\n       <tr>\n           <td class=\"atlas_pap_2e_table_bodyc1\"><a class=\"table_link\" href=\"\/atlas_papier\/atlas2e\/Atlas2-09-01.PDF\">Image satellitaire de la Belgique<\/a><\/td>\n           <td class=\"atlas_pap_2e_table_bodyc2c3\"><a class=\"table_link\" href=\"\/atlas_papier\/atlas2e\/Atlas2-09-01.PDF\">IX.1<\/a><\/td>\n           <td class=\"atlas_pap_2e_table_bodyc2c3\"><a class=\"table_link\" href=\"\/atlas_papier\/atlas2e\/Atlas2-FR-09-01.PDF\">Notice en fran\u00e7ais<\/a><\/td>\n       <\/tr>\n       <tr>\n           <td class=\"atlas_pap_2e_table_bodyc1\"><a class=\"table_link\" href=\"\/atlas_papier\/atlas2e\/Atlas2-09-02.PDF\">Occupation du sol<\/a><\/td>\n           <td class=\"atlas_pap_2e_table_bodyc2c3\"><a class=\"table_link\" href=\"\/atlas_papier\/atlas2e\/Atlas2-09-02.PDF\">IX.2 #<\/a><\/td>\n           <td class=\"atlas_pap_2e_table_bodyc2c3\"><a class=\"table_link\" href=\"\/atlas_papier\/atlas2e\/Atlas2-FR-09-02.PDF\">Notice en fran\u00e7ais<\/a><\/td>\n       <\/tr>\n   <\/tbody>\n<\/table>\n\n\n\n<h3 class=\"wp-block-heading\">Divisions administratives<\/h3>\n\n\n\n<table class=\"atlas_pap_2e_table\">\n   <tbody> <!-- Corps du tableau -->\n       <tr>\n           <td class=\"atlas_pap_2e_table_bodyc1\"><a class=\"table_link\" href=\"\/atlas_papier\/atlas2e\/Atlas2-10-01.PDF\">Divisons administratives<\/a><\/td>\n           <td class=\"atlas_pap_2e_table_bodyc2c3\"><a class=\"table_link\" href=\"\/atlas_papier\/atlas2e\/Atlas2-10-01.PDF\">X.1<\/a><\/td>\n           <td class=\"atlas_pap_2e_table_bodyc2c3\"><a class=\"table_link\" href=\"\/atlas_papier\/atlas2e\/Atlas2-FR-10-01.PDF\">Notice en fran\u00e7ais<\/a><\/td>\n       <\/tr>\n   <\/tbody>\n<\/table>\n","protected":false},"excerpt":{"rendered":"<p>\u00c9dition papier 1976 &#8211; 1999 Vous trouverez ici les versions PDF des planches et des commentaires. Les planches marqu\u00e9es d&rsquo;un # sont \u00e9galement int\u00e9gr\u00e9es dans le WMTS &lsquo;Deuxi\u00e8me Atlas de Belgique&rsquo; et certaines peuvent \u00eatre visualis\u00e9es dans l&rsquo;application GeoclipAir. Table des mati\u00e8res Titres Planches Notices \u00c9chantillons de cartes \u00c9chantillons de cartes avant 1878 I.3.1 Notice<\/p>\n","protected":false},"author":1,"featured_media":0,"parent":6,"menu_order":0,"comment_status":"closed","ping_status":"closed","template":"","meta":{"footnotes":""},"class_list":["post-350","page","type-page","status-publish","hentry"],"_links":{"self":[{"href":"https:\/\/www.atlas-belgique.be\/index.php\/wp-json\/wp\/v2\/pages\/350","targetHints":{"allow":["GET"]}}],"collection":[{"href":"https:\/\/www.atlas-belgique.be\/index.php\/wp-json\/wp\/v2\/pages"}],"about":[{"href":"https:\/\/www.atlas-belgique.be\/index.php\/wp-json\/wp\/v2\/types\/page"}],"author":[{"embeddable":true,"href":"https:\/\/www.atlas-belgique.be\/index.php\/wp-json\/wp\/v2\/users\/1"}],"replies":[{"embeddable":true,"href":"https:\/\/www.atlas-belgique.be\/index.php\/wp-json\/wp\/v2\/comments?post=350"}],"version-history":[{"count":0,"href":"https:\/\/www.atlas-belgique.be\/index.php\/wp-json\/wp\/v2\/pages\/350\/revisions"}],"up":[{"embeddable":true,"href":"https:\/\/www.atlas-belgique.be\/index.php\/wp-json\/wp\/v2\/pages\/6"}],"wp:attachment":[{"href":"https:\/\/www.atlas-belgique.be\/index.php\/wp-json\/wp\/v2\/media?parent=350"}],"curies":[{"name":"wp","href":"https:\/\/api.w.org\/{rel}","templated":true}]}}