{"id":40,"date":"2018-11-28T19:14:32","date_gmt":"2018-11-28T18:14:32","guid":{"rendered":"http:\/\/www.atlas-belgique.be\/?page_id=40"},"modified":"2025-05-22T14:00:24","modified_gmt":"2025-05-22T12:00:24","slug":"accueil-2","status":"publish","type":"page","link":"https:\/\/www.atlas-belgique.be\/index.php\/fr\/accueil-2\/","title":{"rendered":"Bienvenue sur l&rsquo;Atlas Num\u00e9rique de Belgique"},"content":{"rendered":"\n<p>Vous avez la possibilit\u00e9 de naviguer au sein de diff\u00e9rentes versions de l\u2019Atlas&nbsp;: les anciennes versions du&nbsp;<strong>premier<\/strong>, du&nbsp;<strong>deuxi\u00e8me<\/strong>&nbsp;et du&nbsp;<strong>troisi\u00e8me Atlas<\/strong>&nbsp;<strong>papier<\/strong>, versions num\u00e9ris\u00e9es et disponibles en format PDF et, pour certaines, en couche WMTS, ainsi que<strong>&nbsp;la version actuelle num\u00e9rique de l\u2019Atlas de Belgique<\/strong>&nbsp;dans sa version&nbsp;<strong>GeoclipAir<\/strong>, l\u2019observatoire des territoires selon des th\u00e9matiques et des \u00e9chelles spatiales et temporelles diff\u00e9rentes.<\/p>\n\n\n\n<div class=\"wp-block-group has-small-font-size is-vertical is-content-justification-center is-layout-flex wp-container-core-group-is-layout-4b2eccd6 wp-block-group-is-layout-flex\">\n<div style=\"height:36px\" aria-hidden=\"true\" class=\"wp-block-spacer wp-container-content-1b8dd66d\"><\/div>\n\n\n\n<div class=\"wp-block-columns is-layout-flex wp-container-core-columns-is-layout-9d6595d7 wp-block-columns-is-layout-flex\">\n<div class=\"wp-block-column is-layout-flow wp-block-column-is-layout-flow\"><div class=\"wp-block-image\">\n<figure class=\"aligncenter size-large\">\n <a href=\"https:\/\/www.atlas-belgique.be\/index.php\/fr\/atlas-numerique\/\">\n        <img loading=\"lazy\" decoding=\"async\" width=\"1024\" height=\"637\" src=\"https:\/\/www.atlas-belgique.be\/wp-content\/uploads\/2024\/11\/Atlas_Home_11-1024x637.png\" alt=\"\" class=\"wp-image-23617\" style=\"aspect-ratio:4\/3;object-fit:cover\" srcset=\"https:\/\/www.atlas-belgique.be\/wp-content\/uploads\/2024\/11\/Atlas_Home_11-1024x637.png 1024w, https:\/\/www.atlas-belgique.be\/wp-content\/uploads\/2024\/11\/Atlas_Home_11-300x187.png 300w, https:\/\/www.atlas-belgique.be\/wp-content\/uploads\/2024\/11\/Atlas_Home_11-768x478.png 768w, https:\/\/www.atlas-belgique.be\/wp-content\/uploads\/2024\/11\/Atlas_Home_11-1536x955.png 1536w, https:\/\/www.atlas-belgique.be\/wp-content\/uploads\/2024\/11\/Atlas_Home_11.png 1680w\" sizes=\"auto, (max-width: 1024px) 100vw, 1024px\" \/>\n      <\/a><\/figure>\n<\/div>\n\n\n<div style=\"height:10px\" aria-hidden=\"true\" class=\"wp-block-spacer\"><\/div>\n\n\n\n<div class=\"wp-block-buttons is-content-justification-center is-layout-flex wp-container-core-buttons-is-layout-16018d1d wp-block-buttons-is-layout-flex\">\n<div class=\"wp-block-button has-custom-width wp-block-button__width-100 has-custom-font-size is-style-outline has-small-font-size is-style-outline--1\"><a class=\"wp-block-button__link wp-element-button\" href=\"https:\/\/www.atlas-belgique.be\/index.php\/fr\/atlas-numerique\/\" style=\"border-radius:0px\">Belgique<\/a><\/div>\n<\/div>\n<\/div>\n\n\n\n<div class=\"wp-block-column is-layout-flow wp-block-column-is-layout-flow\">\n<figure class=\"wp-block-image size-full is-style-default\">\n<a href=\"https:\/\/www.atlas-belgique.be\/index.php\/fr\/belgique-dans-le-monde\">\n<img loading=\"lazy\" decoding=\"async\" width=\"1402\" height=\"1017\" src=\"https:\/\/www.atlas-belgique.be\/wp-content\/uploads\/2024\/11\/Atlas_Home_12.png\" alt=\"\" class=\"wp-image-23633\" style=\"aspect-ratio:4\/3;object-fit:cover\" srcset=\"https:\/\/www.atlas-belgique.be\/wp-content\/uploads\/2024\/11\/Atlas_Home_12.png 1402w, https:\/\/www.atlas-belgique.be\/wp-content\/uploads\/2024\/11\/Atlas_Home_12-300x218.png 300w, https:\/\/www.atlas-belgique.be\/wp-content\/uploads\/2024\/11\/Atlas_Home_12-1024x743.png 1024w, https:\/\/www.atlas-belgique.be\/wp-content\/uploads\/2024\/11\/Atlas_Home_12-768x557.png 768w\" sizes=\"auto, (max-width: 1402px) 100vw, 1402px\" \/>\n<\/a><\/figure>\n\n\n\n<div style=\"height:10px\" aria-hidden=\"true\" class=\"wp-block-spacer\"><\/div>\n\n\n\n<div class=\"wp-block-buttons is-layout-flex wp-block-buttons-is-layout-flex\">\n<div class=\"wp-block-button has-custom-width wp-block-button__width-100 has-custom-font-size is-style-outline has-small-font-size is-style-outline--2\"><a class=\"wp-block-button__link wp-element-button\" href=\"https:\/\/www.atlas-belgique.be\/index.php\/fr\/belgique-dans-le-monde\" style=\"border-radius:0px\">Belgique dans le monde<\/a><\/div>\n<\/div>\n<\/div>\n\n\n\n<div class=\"wp-block-column is-layout-flow wp-block-column-is-layout-flow\">\n<figure class=\"wp-block-image size-full is-style-default\">\n<a href=\"https:\/\/www.atlas-belgique.be\/index.php\/fr\/atlas-papier\/\"><img loading=\"lazy\" decoding=\"async\" width=\"937\" height=\"630\" src=\"https:\/\/www.atlas-belgique.be\/wp-content\/uploads\/2024\/11\/Atlas_Home_13.png\" alt=\"\" class=\"wp-image-23623\" style=\"aspect-ratio:4\/3;object-fit:cover\" srcset=\"https:\/\/www.atlas-belgique.be\/wp-content\/uploads\/2024\/11\/Atlas_Home_13.png 937w, https:\/\/www.atlas-belgique.be\/wp-content\/uploads\/2024\/11\/Atlas_Home_13-300x202.png 300w, https:\/\/www.atlas-belgique.be\/wp-content\/uploads\/2024\/11\/Atlas_Home_13-768x516.png 768w\" sizes=\"auto, (max-width: 937px) 100vw, 937px\" \/>\n<\/a><\/figure>\n\n\n\n<div style=\"height:10px\" aria-hidden=\"true\" class=\"wp-block-spacer\"><\/div>\n\n\n\n<div class=\"wp-block-buttons is-layout-flex wp-block-buttons-is-layout-flex\">\n<div class=\"wp-block-button has-custom-width wp-block-button__width-100 has-custom-font-size is-style-outline has-small-font-size is-style-outline--3\"><a class=\"wp-block-button__link wp-element-button\" href=\"https:\/\/www.atlas-belgique.be\/index.php\/fr\/atlas-papier\/\" style=\"border-radius:0px\">Atlas papier<\/a><\/div>\n<\/div>\n<\/div>\n<\/div>\n<\/div>\n\n\n\n<div style=\"height:28px\" aria-hidden=\"true\" class=\"wp-block-spacer\"><\/div>\n\n\n\n<div class=\"wp-block-columns is-layout-flex wp-container-core-columns-is-layout-9d6595d7 wp-block-columns-is-layout-flex\">\n<div class=\"wp-block-column is-layout-flow wp-block-column-is-layout-flow\"><div class=\"wp-block-image\">\n<figure class=\"aligncenter size-full\">\n<a href=\"https:\/\/www.atlas-belgique.be\/index.php\/fr\/ressources\/\"><img loading=\"lazy\" decoding=\"async\" width=\"2560\" height=\"2560\" src=\"https:\/\/www.atlas-belgique.be\/wp-content\/uploads\/2024\/11\/Atlas_Home_21-1-scaled.jpg\" alt=\"\" class=\"wp-image-23651\" style=\"aspect-ratio:4\/3;object-fit:cover\" srcset=\"https:\/\/www.atlas-belgique.be\/wp-content\/uploads\/2024\/11\/Atlas_Home_21-1-scaled.jpg 2560w, https:\/\/www.atlas-belgique.be\/wp-content\/uploads\/2024\/11\/Atlas_Home_21-1-300x300.jpg 300w, https:\/\/www.atlas-belgique.be\/wp-content\/uploads\/2024\/11\/Atlas_Home_21-1-1024x1024.jpg 1024w, https:\/\/www.atlas-belgique.be\/wp-content\/uploads\/2024\/11\/Atlas_Home_21-1-150x150.jpg 150w, https:\/\/www.atlas-belgique.be\/wp-content\/uploads\/2024\/11\/Atlas_Home_21-1-768x768.jpg 768w, https:\/\/www.atlas-belgique.be\/wp-content\/uploads\/2024\/11\/Atlas_Home_21-1-1536x1536.jpg 1536w, https:\/\/www.atlas-belgique.be\/wp-content\/uploads\/2024\/11\/Atlas_Home_21-1-2048x2048.jpg 2048w, https:\/\/www.atlas-belgique.be\/wp-content\/uploads\/2024\/11\/Atlas_Home_21-1-120x120.jpg 120w, https:\/\/www.atlas-belgique.be\/wp-content\/uploads\/2024\/11\/Atlas_Home_21-1-200x200.jpg 200w, https:\/\/www.atlas-belgique.be\/wp-content\/uploads\/2024\/11\/Atlas_Home_21-1-100x100.jpg 100w\" sizes=\"auto, (max-width: 2560px) 100vw, 2560px\" \/>\n<\/a><\/figure>\n<\/div>\n\n\n<div style=\"height:10px\" aria-hidden=\"true\" class=\"wp-block-spacer\"><\/div>\n\n\n\n<div class=\"wp-block-buttons is-content-justification-center is-layout-flex wp-container-core-buttons-is-layout-16018d1d wp-block-buttons-is-layout-flex\">\n<div class=\"wp-block-button has-custom-width wp-block-button__width-100 has-custom-font-size is-style-outline has-small-font-size is-style-outline--4\"><a class=\"wp-block-button__link wp-element-button\" href=\"https:\/\/www.atlas-belgique.be\/index.php\/fr\/ressources\/\" style=\"border-radius:0px\">Ressources<\/a><\/div>\n<\/div>\n<\/div>\n\n\n\n<div class=\"wp-block-column is-layout-flow wp-block-column-is-layout-flow\">\n<div style=\"height:10px\" aria-hidden=\"true\" class=\"wp-block-spacer\"><\/div>\n\n\n\n<div class=\"wp-block-buttons is-content-justification-center is-layout-flex wp-container-core-buttons-is-layout-16018d1d wp-block-buttons-is-layout-flex\"><\/div>\n<\/div>\n\n\n\n<div class=\"wp-block-column is-layout-flow wp-block-column-is-layout-flow\"><\/div>\n<\/div>\n","protected":false},"excerpt":{"rendered":"<p>Vous avez la possibilit\u00e9 de naviguer au sein de diff\u00e9rentes versions de l\u2019Atlas&nbsp;: les anciennes versions du&nbsp;premier, du&nbsp;deuxi\u00e8me&nbsp;et du&nbsp;troisi\u00e8me Atlas&nbsp;papier, versions num\u00e9ris\u00e9es et disponibles en format PDF et, pour certaines, en couche WMTS, ainsi que&nbsp;la version actuelle num\u00e9rique de l\u2019Atlas de Belgique&nbsp;dans sa version&nbsp;GeoclipAir, l\u2019observatoire des territoires selon des th\u00e9matiques et des \u00e9chelles spatiales et<\/p>\n","protected":false},"author":1,"featured_media":0,"parent":0,"menu_order":0,"comment_status":"closed","ping_status":"closed","template":"","meta":{"footnotes":""},"class_list":["post-40","page","type-page","status-publish","hentry"],"_links":{"self":[{"href":"https:\/\/www.atlas-belgique.be\/index.php\/wp-json\/wp\/v2\/pages\/40","targetHints":{"allow":["GET"]}}],"collection":[{"href":"https:\/\/www.atlas-belgique.be\/index.php\/wp-json\/wp\/v2\/pages"}],"about":[{"href":"https:\/\/www.atlas-belgique.be\/index.php\/wp-json\/wp\/v2\/types\/page"}],"author":[{"embeddable":true,"href":"https:\/\/www.atlas-belgique.be\/index.php\/wp-json\/wp\/v2\/users\/1"}],"replies":[{"embeddable":true,"href":"https:\/\/www.atlas-belgique.be\/index.php\/wp-json\/wp\/v2\/comments?post=40"}],"version-history":[{"count":20,"href":"https:\/\/www.atlas-belgique.be\/index.php\/wp-json\/wp\/v2\/pages\/40\/revisions"}],"predecessor-version":[{"id":23849,"href":"https:\/\/www.atlas-belgique.be\/index.php\/wp-json\/wp\/v2\/pages\/40\/revisions\/23849"}],"wp:attachment":[{"href":"https:\/\/www.atlas-belgique.be\/index.php\/wp-json\/wp\/v2\/media?parent=40"}],"curies":[{"name":"wp","href":"https:\/\/api.w.org\/{rel}","templated":true}]}}